).
1
Let u(h) be the second derivative of -h**3/3 + 2*h**2 + 5*h. Give u(4).
-4
Let m(a) be the second derivative of 2*a**5/5 + a**4/6 + a**3/3 + a**2/2 + 19*a. Determine m(-1).
-7
Let l = 0 + 2. Let c(r) = 7*r - r + r**3 - 4*r**l - 4*r - r. Give c(4).
4
Let d(m) = 10*m**3 - 15*m**3 + 2*m**3 + 5*m - 3 + 3*m**2 + 2*m**3. What is d(4)?
1
Let j(h) = h**2 + 5*h - 2. Let l(w) = -3*w**3 - w**2 - 3*w + 3. Let g be l(1). Give j(g).
-6
Let i = -23 + 27. Let u(x) = x - 8. Determine u(i).
-4
Let b(k) = k**3 + 0*k + 2*k - 6*k**2 + 9 - 4*k. Suppose 2*l - 18 = -6. Calculate b(l).
-3
Let s = 3 - 4. Let p(b) be the first derivative of 2*b**3/3 - b**2 - b + 3. Calculate p(s).
3
Let h(a) = 2*a - 5. Let g be h(5). Let d(p) be the first derivative of p**4/4 - 2*p**3 + 5*p**2/2 + 7*p - 10. Calculate d(g).
7
Let x(v) = -3*v - 3*v**2 + 3 + 6*v - 11 + 4*v**2. Give x(-6).
10
Let w(g) be the second derivative of -g**5/20 - g**4/2 + 7*g**3/6 - 3*g**2/2 - 18*g. Calculate w(-7).
-3
Let k(q) = -3*q + 4. Let n(s) = -1. Let a(c) = k(c) - 3*n(c). What is a(6)?
-11
Let k(s) be the third derivative of -s**4/24 - 13*s**3/6 + 3*s**2. Determine k(-8).
-5
Let u(m) = -m**2 + 7*m - 4. Suppose 0 = r + w - 2, 4*w + 5 = 2*r + 1. Suppose r*g - 60 = -0*g. Suppose -g = -4*k - k. Calculate u(k).
2
Let x(n) = 2*n + 5. Let z be x(-4). Let b(r) = 4*r**2 + 20*r + 6. Let l(o) = 6*o**2 + 31*o + 9. Let g(d) = 8*b(d) - 5*l(d). Give g(z).
6
Let o(g) be the third derivative of -g**6/120 + g**5/20 + g**4/8 + 2*g**3/3 + 12*g**2. Give o(3).
13
Let b(j) = j**3 + 5*j**2 - 5*j - 5. Suppose 4*m - 2*i + i = -17, i = 2*m + 7. Let t be -6*(m - -2)/(-3). Give b(t).
-11
Let b = 3 + -3. Let m(h) be the second derivative of -h**3/6 - 4*h. Determine m(b).
0
Let k = 4 - 1. Suppose -5*s + 25 = -3*n, -2*s + 25 = -4*n + 1. Suppose s*q + g = -0*q - 9, 3*g = -k*q - 9. Let v(p) = -p**3 - 5*p**2 + 5*p - 6. What is v(q)?
0
Let l(s) = 5*s - 4. Let i be l(2). Let f(a) be the third derivative of 5/6*a**3 + 0 + 0*a - 1/24*a**4 + a**2. Give f(i).
-1
Let d(c) = 11*c + 18. Let u be d(-2). Let b(q) = 3*q + 1. Let w(k) = 16*k + 5. Let v(r) = 22*b(r) - 4*w(r). What is v(u)?
-6
Let r(g) = -g**3 - 2*g**2 - g + 2. Suppose 5*a = -2 + 22. Suppose -a*k + 2*k = 8. Let b = 2 + k. Calculate r(b).
4
Let z(t) = 3*t**2 + t - 2. Let y be z(-2). Let q = 4 - y. Let x(h) = -h + 1. Determine x(q).
5
Let v be -2*(-3)/(-6)*-1. Let h(s) = v + 2 + 2*s + 2*s**2 + 1 - 3. Calculate h(-2).
5
Let c(m) be the second derivative of -m**4/2 - m**3/6 - m**2/2 - 44*m + 2. Calculate c(-2).
-23
Let b(q) = -3*q - 1. Let t be b(-2). Let w(p) be the first derivative of -p**3/3 + 2*p**2 + 2*p - 2. Give w(t).
-3
Suppose -1 = -2*h + 1. Let i = 2 - h. Let z(s) = -11*s**3 + 2*s**2 - 5*s - 2. Let t(x) = -21*x**3 + 4*x**2 - 9*x - 3. Let f(r) = 3*t(r) - 5*z(r). What is f(i)?
-7
Let n(r) = -2*r**2 + 6*r - 3. Let w be 2 + 1 + 4/20*5. What is n(w)?
-11
Suppose 33*z = 30*z + 18. Let p(j) = j**3 - 5*j**2 - 5*j - 3. Calculate p(z).
3
Let q = -8 + 10. Let i(r) = 2*r - r - 4*r**2 + q*r**2 + 0*r. What is i(1)?
-1
Let w be 4/1 - (-2)/(-2). Let k(i) be the second derivative of -i**3/3 + 202*i. Calculate k(w).
-6
Let k(b) = 5*b**2 - 10*b + 5. Let v(o) = -15 - o**2 + 15. Let g(r) = 7*r**2 - 9*r + 5. Let y(l) = g(l) + 3*v(l). Let z(t) = -3*k(t) + 4*y(t). Give z(6).
5
Let j(u) = -u**2 - 13*u - 30. Let o be j(-3). Let s(y) = y**3 + 2*y**2 + 0*y - y - 3*y**2 - 5. What is s(o)?
-5
Let g(m) be the third derivative of 0*m**3 - 3*m**2 - 1/12*m**4 + 0 + 0*m. Let p = -6 - -3. Calculate g(p).
6
Let o(t) be the second derivative of -2*t - 1/2*t**2 + 0 + 2/3*t**3 + 1/12*t**4. Determine o(-3).
-4
Let t(c) = -15*c + 7*c + 5*c - 2*c. Give t(1).
-5
Let y be (1/(-3))/(6/72). Let r(m) = -m**2 - 5*m + 1. Determine r(y).
5
Let p(b) = 4*b + 3 - b**2 - 4*b**2 - b**3 + 0*b**2 + 7*b**2. Let v be 17/4 - 5/20. Determine p(v).
-13
Let h(n) = 2*n - 4. Let m be h(3). Let x(f) = 2*f + 1. Determine x(m).
5
Let n(l) = l**2 + 3*l + 3. Let j be n(-3). Let q(s) = -2*s**2 + 2*s - 2. Let c(r) = r**2 - r + 2. Let v(y) = 3*c(y) + 2*q(y). Determine v(j).
-4
Let s be 13/(-4) - (-2)/8. Let x(l) = -17*l**3 - 9*l**2 - 17*l + 9. Let k(v) = 5*v**3 + 3*v**2 + 5*v - 3. Let q(a) = 7*k(a) + 2*x(a). Give q(s).
-6
Let v(j) = -3*j + 7. Let t(k) = -2*k + 5. Let b(g) = -8*t(g) + 5*v(g). Give b(5).
0
Let s(d) be the first derivative of d**4/4 - 5*d**3/3 + d**2 - d + 13. Determine s(4).
-9
Let t(w) be the second derivative of 2*w**3/3 - w**2/2 + 13*w. What is t(1)?
3
Let b(d) = 2*d + 25. Let l(t) = 0*t + t + t + 12 - t. Let y(w) = -3*b(w) + 7*l(w). What is y(-6)?
3
Let w(h) = -5*h**2. Let g(y) = 2*y**2. Let v(o) = 8*g(o) + 3*w(o). Suppose 0*k = -2*n + 2*k + 18, -5*k - 33 = -2*n. Let q be (n/5)/(2/(-5)). Give v(q).
4
Let x(t) be the first derivative of t**4/24 - 4*t**2 - 1. Let z(l) be the second derivative of x(l). Give z(3).
3
Let t(k) be the second derivative of -1/6*k**3 + k**2 - 1/4*k**4 - 1/20*k**5 + 3*k + 0. Give t(-3).
5
Let a(n) = 3*n. Let z(y) = 5*y - 26. Let c be z(5). Calculate a(c).
-3
Let q = -50 - -45. Let z(u) = u**3 + 5*u**2 - 3. Determine z(q).
-3
Let k(n) = -n**2 - 5*n - 5. Let q be (-2 - (1 + -1)) + 7. Suppose 35 = q*c - 25. Let w = 7 - c. Determine k(w).
-5
Let k(o) = 6*o**2 - 2*o**3 - 9 + 9*o - 3*o**3 + 4*o**3. What is k(7)?
5
Suppose 74 = 2*w + w - 5*c, -2*w + 4*c + 48 = 0. Let l(r) = r**2 - 2*r**2 - w + 9 + 10 + 8*r. Calculate l(7).
-2
Suppose w + 3 = 2*w. Let c(r) = r**2 - 3*r - 1. Determine c(w).
-1
Let s(w) = -w**3 - 3*w**2 + w - 3. Suppose 0 = 3*u + 3 + 9. Calculate s(u).
9
Let j(a) = -a**3 + 3*a**2 + 2*a - 4. Let p(w) = -4 - 3*w - 1 + 1 - 7. Let x be p(-5). Calculate j(x).
-12
Let r = -19 - -39. Suppose 6*x + r = x. Let k(o) = -3*o. Let i(j) = 5*j. Let h(f) = -5*i(f) - 8*k(f). Calculate h(x).
4
Let x(u) = u**3 + u**2 + u + 6. Suppose -2*m - 3*m + 5 = 5*j, m + 2*j = 0. Suppose 0 = 4*n - n, m*n = -5*y. What is x(y)?
6
Let y be (-5)/(-1) + 8/4. Let d(b) = -y*b - 4 + b + b**2 + b. What is d(6)?
2
Let n(d) = d**3 + 18*d**2 + 32*d + 3. Let k be n(-16). Let j(v) = 7*v + 1. Give j(k).
22
Let p(o) = -o**2 - 27*o + 16 + 0*o**2 + 36*o. Calculate p(11).
-6
Suppose 3 = -5*z - 2*u, -4*z + 4*u - 14 + 6 = 0. Let b(s) = 9*s**2 + 1. What is b(z)?
10
Suppose -6*q + 28 = -2*q + 4*u, -2*u = -4*q + 4. Let k(x) = -x + 8. Let g(i) = -7. Let r(n) = q*k(n) + 4*g(n). Give r(-4).
8
Let k(g) = -g**3 + g**2 - g + 2. Let t(j) = -j**3 + 8*j**2 + 8*j + 9. Let r be t(9). Determine k(r).
2
Let b(d) = -3*d. Let q(g) = g**3 + g**2 - 2*g - 6. Let s be q(0). Determine b(s).
18
Let y(o) = -1 - o - 4*o + 2*o + 2*o. Let i be y(-1). Let m(p) = -p**2 + 6. Calculate m(i).
6
Let y(x) = 2*x + 5. Let i be (-3 + 11/3)*6. Suppose 2 = -t, -2 = -p + i*t + 1. What is y(p)?
-5
Let k(q) = -4*q - 33. Let j be k(-9). Let p(g) = -g**2 + 3*g. Determine p(j).
0
Let l = 8 - 5. Suppose l*t + 4*b = 16, t + 2 = -b + 6. Let v(h) = -h + 3. Give v(t).
3
Suppose -5*x - 2*i = -4, 5*x - 3 = -4*i + 5. Let q(g) be the third derivative of 0 + 1/4*g**4 + x*g - 3*g**2 - g**3 - 1/60*g**5. Calculate q(4).
2
Let l(g) = 2*g**3 - 3*g**2 + g - 1. Let h be l(2). Let z be 8/5 + 2/h. Let t(o) = -27 - o + 53 + o**2 - 24. Determine t(z).
4
Let r(o) = -8*o**3 - 1. Let v = -9 - -10. Determine r(v).
-9
Let v(w) = -6*w**3 - w**2 - w - 1. Let z(b) = b**3 - 4*b**2 - 13*b + 5. Let g be z(6). Give v(g).
5
Let s(b) = 6*b**3 + b**2. Let t be s(-1). Let l(d) = -d**2 + 2*d + 5. Let z(k) = -3*k**2 + 5*k + 15. Let y(f) = -8*l(f) + 3*z(f). Calculate y(t).
-15
Let j be (0 - 2/(-6))/((-12)/216). Let m(u) = -7*u**3 - 12*u**2 + 7*u - 4. Let g(c) = c**3 + c**2 - c + 1. Let n(f) = 6*g(f) + m(f). Calculate n(j).
-4
Let j(w) = -2*w**3 + 3*w**2 + 7*w - 19. Let u(k) = k**3 - 2*k**2 - 4*k + 10. Let r(g) = 3*j(g) + 5*u(g). Calculate r(0).
-7
Let a(g) = -g**3 - g**2 - 1. Let j(t) = 7*t**3 + 6*t**2 - t + 9. Let w(l) = -6*a(l) - j(l). Give w(0).
-3
Let u(n) = 6 - n - n + 4*n. Let s(l) be the first derivative of l**2/2 - 2*l + 1. Let h be s(-2). Give u(h).
-2
Let t(f) be the second derivative of -1/4*f**4 + 3*f - 3/2*f**2 + 0 + 1/2*f**3. Give t(2).
-9
Let n(f) = f**3 + f - 1. Let p(o) = -4*o**3 - 5*o**2 - 5*o + 5. Let u(h) = -3*n(h) - p(h). Suppose -l - 2*c = 4*l + 16, -3*l - 18 = -3*c. What is u(l)?
6
Let j be 2/7 - 550/(-35). L